e prime factors of m?
2, 5
What are the prime factors of (-366)/(-4 + 1) + 5?
127
Let y be (-8)/(2*-1 + 3). Let v = 11 + y. Suppose -3*w = t - 0*w - 19, -v*t - 3*w + 33 = 0. List the prime factors of t.
7
Let n(t) = -88*t - 5. List the prime factors of n(-1).
83
Suppose 4*h - 2*h - 126 = 0. What are the prime factors of h?
3, 7
Let o be 1/1 + (1 - -10). Let h be (-3)/((-6)/(-2)) + 7. Suppose -o = -h*u + 2*u. List the prime factors of u.
3
Let i be (-774)/30 + 1/(-5). List the prime factors of 2 - 1 - i/2.
2, 7
Suppose -14 = -c + 81. Let x = c + -57. List the prime factors of x.
2, 19
Let w(z) be the third derivative of z**4/12 - 5*z**3/6 - 2*z**2. What are the prime factors of w(6)?
7
Suppose 4*w - 5*w + 4 = 0. Suppose -4*h + 2*u + 2*u = -20, 2*h - w*u = 0. What are the prime factors of h?
2, 5
Let x(a) = 12*a**2 + 2*a. Let i be x(-2). Suppose i = 6*h - 2*h. Suppose 3*d - h = 10. List the prime factors of d.
7
Let i(t) = 7*t + 6 - 2*t - 3*t. Let p be i(-6). Let w(y) = y + 8. List the prime factors of w(p).
2
Let l(x) = -x**3 - 15*x**2 - 3. What are the prime factors of l(-16)?
11, 23
Let p = 38 - 6. What are the prime factors of p?
2
Let p be 255/35 - (-4)/(-14). Let h = p + -2. What are the prime factors of h?
5
Suppose 2*v = 4*r + 17 - 1, r + 5 = v. Let x(a) = 4*a - 2. Let o be x(v). List the prime factors of o - (-2 + 3/3).
7
Let i(l) = l**2 + 0*l**2 - 5*l**2 - 4*l + l**3 - 1. Let v be i(5). Suppose y - v = 3*y, 5*h = -4*y + 7. What are the prime factors of h?
3
Let z(m) = 84*m**3 - 2*m**2 + 5*m - 3. List the prime factors of z(1).
2, 3, 7
Suppose -3*o + 3*c = -0*o - 93, -c - 139 = -5*o. Suppose 5*f - 41 = -0*t - 4*t, 0 = -3*t - 5*f + o. List the prime factors of t.
2, 7
Let j(r) = -3*r + 80. List the prime factors of j(26).
2
Let n be 1/(-2)*(-3 + -65). Suppose 0*u = -2*u + n. What are the prime factors of u?
17
What are the prime factors of 1/((-3)/(-3*38))?
2, 19
Let t = 419 + -144. List the prime factors of t.
5, 11
Let r(n) = 5*n**2 - 4*n + 2. Let o(v) = -14*v**2 + 13*v - 7. Let l(c) = 4*o(c) + 11*r(c). Let h = -6 - -12. What are the prime factors of l(h)?
2, 3
Suppose 235 = -11*f + 752. List the prime factors of f.
47
Suppose 2*b + 72 = -2*b. Let d be -2 - 7/((-14)/(-12)). Let g = d - b. List the prime factors of g.
2, 5
Suppose -2*s + 2*p = -76, 4*s - 5*p - 103 = 44. Let t = s - 25. List the prime factors of t.
2, 3
Let c(h) = -13*h - 1. Suppose -2*b + 3 = b. Suppose -2 = a - b. List the prime factors of c(a).
2, 3
Suppose -2*i = -11 + 5. Let f(p) = 6*p**2 - p + 1. What are the prime factors of f(i)?
2, 13
Let w = 6 - -5. What are the prime factors of w?
11
Let m(t) be the third derivative of 0*t + 1/30*t**5 + 1/24*t**4 - 2*t**2 + 0 - 1/6*t**3. What are the prime factors of m(-2)?
5
Let c = -14 + 10. Let g(b) = b + 4. Let j be g(-5). List the prime factors of 0/c - (-11 - j).
2, 5
Suppose i - 4*i = -225. Let g = i - 48. List the prime factors of g.
3
Let y(r) = 108*r**2 + 2*r - 2. List the prime factors of y(1).
2, 3
Suppose c - 22 = -5*q, 2*q - 5*c - 30 = -q. Suppose -q*k = -2 - 23. Suppose -u - k*s - 1 = -0*s, 0 = -3*u - 4*s + 8. List the prime factors of u.
2
Suppose -2*q - 530 = -3*w - 4*q, 0 = 2*q + 10. List the prime factors of w.
2, 3, 5
Let d = 21 + -18. Suppose 15 + d = 3*v. What are the prime factors of v?
2, 3
Suppose 3*u - 119 - 70 = 0. What are the prime factors of u?
3, 7
Suppose 5*f = 4*d + 8, -f + 28 = 4*d + 3*f. Suppose -d*c + 1 = 5*t, t + 25 = c + 2*c. List the prime factors of c.
7
Let x(v) = -v**2 + 13*v - 9. What are the prime factors of x(9)?
3
Let y = -1 + 5. Let v be (-8)/y*(-10)/4. Suppose v*g = 2*x + 30, 24 = 5*g - g - x. What are the prime factors of g?
2, 3
Let a be (-4)/2 + 1 + 13. List the prime factors of (15/a)/((-1)/(-4)).
5
Let s = -7 - -3. Let n = s + 46. What are the prime factors of n?
2, 3, 7
Let t(q) = q**2 - 11*q + 8. Suppose 4*c + 136 = -0*c. Let u = -23 - c. List the prime factors of t(u).
2
Let v = -14 + 20. Let p = v + -1. Let o = p - 3. List the prime factors of o.
2
Suppose 4*w = 26 + 18. Let z(m) = -m + 14. What are the prime factors of z(w)?
3
Let q(s) = -s**3 - 5*s**2 - s - 1. Suppose 3*i - 16 = h - 3*h, 5*i = -2*h + 20. Suppose 21 = -h*z - 4. What are the prime factors of q(z)?
2
Let x = -3 + 5. Let i(w) = x - 10 + 0*w**2 + w**2 + 4*w. List the prime factors of i(-6).
2
Let k(p) = -6*p. List the prime factors of k(-16).
2, 3
Let b be (-6)/4*(3 - 17). Let d = b - 12. Let a = 18 - d. What are the prime factors of a?
3
Let q = -8 - -12. Let a be 2/q*138/3. Let w = a - 15. What are the prime factors of w?
2
Let n = 32 + -92. Let z = -43 - n. List the prime factors of z.
17
Let q be 6/(-70)*-5*7. Suppose -2*l + 6*l + 4*h - 40 = 0, 20 = 5*l - h. Let f = l + q. What are the prime factors of f?
2
Let z(x) = -6*x**3 - 3*x**2 - x - 3. List the prime factors of z(-3).
3, 5
Suppose -v = -z - 0 - 1, -5*v + 20 = 0. Suppose -n + 5*x - 7 = -44, -z*x = 5*n - 73. What are the prime factors of n?
17
Suppose -2*l + 178 = 3*q, q - 4*q = -2*l - 182. What are the prime factors of q?
2, 3, 5
Let f be -8 + 9 - (0 + -3). Let o(m) = 2*m**2 + 2*m - 1. Let q be o(1). Suppose 0 = f*a - q*a + 2, -3*v = -a - 32. List the prime factors of v.
2, 5
Let r(i) = -8*i**2 - i - 1. Let q be r(-1). Let d = -14 - q. Let v = 10 + d. What are the prime factors of v?
2
Let r = 332 - 87. List the prime factors of r.
5, 7
Suppose -3*f - 6*g = -2*g + 19, -2*f - 14 = 3*g. What are the prime factors of f/6 - 436/(-24)?
2, 3
Let m(k) = k**2 - k + 1. Let q be m(-2). Suppose -q*t = -2*t - 165. What are the prime factors of t?
3, 11
Let z(m) = -m**2 + 8*m - 5. Suppose 4 = -k + 3*k. Suppose -5*y + k*j + 10 = 0, -5*y - 9 = j - 34. What are the prime factors of z(y)?
11
Let k(x) = -10*x - 15. Let j be k(-7). Suppose -r + 4*w = -30, 5*w = 4*r - j - 54. What are the prime factors of r?
2, 13
Suppose -5*k + 0*k = -c + 88, 5*c - 2*k - 555 = 0. List the prime factors of c.
113
Let k = -89 - -179. List the prime factors of k.
2, 3, 5
Let n be 12/42 + (-12)/(-7). Suppose 2 = -t, -5*t - 8 = -b - 2*t. Let u = b + n. List the prime factors of u.
2
Let u(g) be the first derivative of g - 1 + 1/2*g**2. List the prime factors of u(1).
2
Suppose 5*i = i + 172. List the prime factors of i.
43
Suppose -6*d + 2*d = -44. Let p = d - 6. List the prime factors of p.
5
Suppose 0 = -x - 4, -5*k + 3*k - x + 20 = 0. List the prime factors of k.
2, 3
Let a = 3 + -5. Let q be 2 - 2 - 0 - a. Suppose q*n + 1 = 4*d - 9, n + 1 = 0. List the prime factors of d.
2
What are the prime factors of (-1)/(((-16)/1124)/4)?
281
Let m = -3 - -11. Let v(c) = -c**3 + 8*c**2 + 2*c - 12. List the prime factors of v(m).
2
Let l be (0 - 0)/(6/(-3)). Suppose -2*o - 14 = -3*z - l*z, -4*o + 38 = 5*z. List the prime factors of z.
2, 3
Suppose -z - 4*v = -9*v - 338, -4*z + 1384 = -4*v. What are the prime factors of z?
2, 3, 29
Suppose -d + 2 = -1. List the prime factors of d.
3
Suppose -4*k + 3*f - 327 = 0, -2*f = -3*k - 97 - 148. Let i be 9/(-6) - k/(-6). Let p = -10 - i. List the prime factors of p.
5
Suppose 3*r = -1 + 4. Let j(z) be the third derivative of 5*z**4/6 + 6*z**2. List the prime factors of j(r).
2, 5
Suppose 3*i = 2*i + 5*c + 78, 5*i = -c + 494. What are the prime factors of i?
2, 7
Suppose 5*z + 45 = 5*p, 0*z + 3 = -3*p - 3*z. Let m(g) = -2*g + 1. Let q be m(p). Let x(i) = i**3 + 7*i**2 - 2*i - 5. What are the prime factors of x(q)?
3
Let n(t) = t + 2. Let b = -10 - -17. Let x be n(b). Let l = 6 + x. What are the prime factors of l?
3, 5
Let k(s) = s**2 - 1. Let g be k(2). What are the prime factors of 4*((-39)/(-4))/g?
13
Let y = 70 + 46. What are the prime factors of y?
2, 29
Let i = -1 - -19. Suppose 3*t - 2*t = 2. Suppose -4*d = -i - t. What are the prime factors of d?
5
Let d(w) = w**2 + 3*w. Let r(t) = t**2 + 8*t - 5. Suppose -3*m = -0*f + 2*f + 1, -41 = 2*f - 5*m. Let c be r(f). What are the prime factors of d(c)?
2, 5
Suppose 0*j + 2*m - 52 = 5*j, 0 = j + 5*m + 32. Let q = j + 32. Suppose 5*p - q = 25. List the prime factors of p.
3
Suppose -70*o + 72*o - 382 = 0. What are the prime factors of o?
191
Suppose -2*v = -5*v + l + 1, -12 = 4*v - 4*l. Suppose -v*f + 83 = 5*q, f = -f - 2. Let o = q - 12. What are the prime factors of o?
5
Let p(x) = 2*x - 5. Let r be p(3